t common factor of 35076 and 60.
12
What is the highest common divisor of 3676 and 18?
2
Calculate the highest common divisor of 76 and 144324.
76
What is the greatest common divisor of 850 and 80138?
34
What is the highest common divisor of 11648 and 520?
104
Calculate the highest common factor of 1410 and 1167.
3
What is the highest common divisor of 1368192 and 896?
896
Calculate the highest common factor of 127338 and 190.
38
What is the greatest common divisor of 379 and 3?
1
Calculate the highest common divisor of 1645 and 2660.
35
What is the highest common factor of 1165412 and 752?
188
Calculate the highest common factor of 7175 and 3157.
287
Calculate the highest common divisor of 43323 and 2667.
21
Calculate the highest common divisor of 23040 and 2970.
90
What is the greatest common divisor of 54328 and 64?
8
Calculate the highest common divisor of 3642225 and 75.
75
What is the highest common factor of 49 and 4781?
7
Calculate the highest common factor of 39 and 99.
3
What is the greatest common divisor of 6 and 43272?
6
What is the highest common factor of 4318 and 59534?
34
What is the highest common divisor of 18900 and 168?
84
Calculate the highest common divisor of 4015 and 1705.
55
What is the highest common factor of 50710 and 2475?
55
What is the greatest common factor of 14679 and 234?
9
What is the highest common divisor of 18704 and 98?
14
What is the greatest common divisor of 2708 and 502334?
1354
Calculate the highest common divisor of 1222 and 1664.
26
What is the highest common factor of 887832 and 13629?
1947
What is the greatest common divisor of 24 and 777066?
6
What is the highest common factor of 146181 and 21?
21
What is the highest common divisor of 59778 and 45198?
1458
Calculate the highest common divisor of 845 and 3718.
169
Calculate the highest common divisor of 51720 and 5280.
120
Calculate the highest common factor of 142 and 382619.
71
What is the highest common divisor of 187 and 90255?
11
Calculate the highest common factor of 100 and 67350.
50
What is the highest common divisor of 494 and 24284?
26
What is the greatest common factor of 77364 and 648?
36
Calculate the highest common divisor of 204053 and 2922.
487
What is the highest common divisor of 585 and 394355?
65
Calculate the greatest common divisor of 12 and 56778.
6
Calculate the highest common divisor of 208684 and 21112.
812
Calculate the highest common divisor of 204 and 6542841.
51
What is the greatest common factor of 12 and 38160?
12
What is the greatest common divisor of 19380 and 24510?
570
Calculate the highest common factor of 460 and 2082788.
92
Calculate the greatest common factor of 21 and 209097.
21
What is the greatest common divisor of 73 and 397193?
73
What is the highest common factor of 11 and 61259?
11
What is the highest common factor of 36347 and 551?
19
Calculate the highest common factor of 85409 and 766.
383
What is the highest common factor of 31 and 155?
31
What is the highest common factor of 69664 and 1120?
224
What is the greatest common divisor of 15780 and 7020?
60
What is the greatest common divisor of 95452 and 14123?
487
What is the greatest common divisor of 7418441 and 421?
421
Calculate the highest common factor of 1740 and 55360.
20
Calculate the highest common factor of 77 and 27797.
77
Calculate the highest common divisor of 60 and 348870.
30
What is the greatest common divisor of 21539 and 287?
7
What is the highest common factor of 5376 and 28800?
384
What is the highest common divisor of 264 and 7071?
3
Calculate the greatest common factor of 15650 and 664186.
626
Calculate the greatest common factor of 26663 and 910.
91
What is the greatest common divisor of 1920 and 17040?
240
What is the highest common divisor of 96 and 1826304?
96
Calculate the highest common factor of 160216 and 392.
56
What is the greatest common divisor of 151496 and 11?
1
Calculate the highest common divisor of 2 and 5458.
2
Calculate the greatest common factor of 986 and 1853.
17
What is the greatest common factor of 1162 and 2814?
14
What is the highest common divisor of 780 and 12948?
156
What is the highest common divisor of 4991 and 7889?
161
Calculate the highest common divisor of 33 and 154110.
33
Calculate the greatest common divisor of 328 and 71873.
41
Calculate the greatest common divisor of 2781 and 8667.
27
Calculate the greatest common divisor of 3438 and 2448.
18
What is the highest common divisor of 36 and 17937?
9
What is the greatest common factor of 190908 and 1116?
36
Calculate the greatest common factor of 101 and 4437233.
101
Calculate the highest common divisor of 90676 and 4.
4
Calculate the highest common divisor of 35 and 334805.
5
Calculate the highest common factor of 1 and 202452.
1
What is the highest common factor of 247 and 95?
19
What is the greatest common factor of 641 and 30768?
641
What is the highest common factor of 133224 and 78?
78
What is the highest common divisor of 261 and 1047828?
87
What is the greatest common factor of 318 and 59042?
106
Calculate the highest common divisor of 19088 and 28.
4
Calculate the greatest common factor of 7407 and 1170.
9
What is the greatest common factor of 17192 and 84?
28
What is the highest common factor of 2343 and 52701?
33
Calculate the highest common divisor of 5330996 and 2244.
748
What is the highest common divisor of 738 and 10619?
41
What is the highest common divisor of 78565 and 380?
95
What is the greatest common divisor of 230 and 7682?
46
What is the highest common factor of 72198 and 966?
42
What is the highest common factor of 30044 and 464?
116
Calculate the highest common factor of 1925 and 88025.
175
Calculate the greatest common factor of 68907 and 363.
3
What is the greatest common divisor of 981 and 309669?
327
What is the greatest common factor of 1038530 and 820?
410
Calculate the greatest common factor of 29815 and 134.
67
What is the highest common factor of 116876 and 18202?
958
Calculate the greatest common divisor of 202 and 19089.
101
What is the highest common divisor of 7136 and 86301?
223
Calculate the greatest common divisor of 62836 and 368.
92
What is the greatest common divisor of 116455 and 5?
5
What is the greatest common factor of 3945 and 40?
5
What is the greatest common factor of 12360 and 45?
15
What is the highest common factor of 536 and 71556?
268
What is the highest common factor of 1710 and 49704?
114
What is the greatest common factor of 21758 and 59125?
473
What is the greatest common factor of 2499 and 41209?
49
What is the highest common factor of 36 and 395496?
36
What is the greatest common divisor of 20095 and 160?
5
What is the highest common factor of 192 and 36576?
96
What is the highest common factor of 760 and 1520?
760
Calculate the highest common factor of 706 and 142.
2
What is the greatest common divisor of 868618 and 23?
23
Calculate the highest common divisor of 588222 and 162.
162
Calculate the highest common factor of 810234 and 126.
18
What is the highest common factor of 321975 and 300?
75
What is the greatest common divisor of 91204 and 1?
1
What is the greatest common divisor of 5948 and 1564?
4
Calculate the highest common divisor of 6138 and 918.
18
What is the greatest common factor of 322491 and 975?
39
What is the greatest common factor of 104 and 4520?
8
What is the greatest common factor of 193 and 119467?
193
Calculate the highest common divisor of 1746 and 20370.
582
Calculate the highest common divisor of 1916 and 1858999.
479
What is the highest common factor of 569349 and 22?
11
What is the greatest common factor of 206 and 95687?
103
What is the highest common factor of 655 and 955?
5
Calculate the highest common factor of 14297 and 49793.
493
Calculate the greatest common factor of 2345 and 14405.
335
What is the greatest common factor of 64685 and 45?
5
Calculate the greatest common divisor of 19789 and 2464.
77
Calculate the greatest common divisor of 3904 and 27816.
488
What is the greatest common divisor of 1214 and 135361?
607
What is the greatest common divisor of 246490 and 6?
2
What is the highest common divisor of 780 and 967590?
390
Calculate the greatest common factor of 6 and 120642.
6
Calculate the highest common factor of 337168 and 26.
26